me factors of y(1)?
3, 71
Suppose 0 = 19*v - 21*v + 2580. List the prime factors of v.
2, 3, 5, 43
Let w(y) = -2*y + 47. Let u be w(22). What are the prime factors of (-325)/(-13)*(-1 + u)?
2, 5
Suppose 5*n + 4*t - 5045 = 0, 2*t - 6 = 4. List the prime factors of n.
3, 5, 67
Let k be -9*12/(-18) + -27. Let h(v) = 5*v**2 + v - 1. Let c be h(3). Let s = c + k. What are the prime factors of s?
2, 13
Let n(o) = 3*o**3 - 23*o**2 - 17*o + 15. List the prime factors of n(11).
2, 3, 173
Let a = -355 + 862. What are the prime factors of a?
3, 13
Suppose -o + 3099 = 2*w, 105*o = -2*w + 100*o + 3119. List the prime factors of w.
7, 13, 17
Suppose 3*p - 3*h - 221 = 2221, 0 = 5*h. What are the prime factors of p?
2, 11, 37
Suppose -3*b + 890 = -628. What are the prime factors of b?
2, 11, 23
Suppose 2*l - 61 = -3*c, -3*c - 5*l - 21 + 79 = 0. Let r be c/9 + 3/(-9). Suppose -5*h + h = x - 12, 4 = r*h. List the prime factors of x.
2
Let u be 3*10/15 - -209. Let r = u + -141. Suppose 2*w + 3*v - r = 0, -3*w + 186 = 2*w + 2*v. What are the prime factors of w?
2, 19
Suppose -371*g + 376*g = 8985. List the prime factors of g.
3, 599
Let u = 35 - 27. List the prime factors of (14/4 + -3)*u.
2
Suppose -2*x = -t - 3340, -46*x + 3*t = -41*x - 8350. List the prime factors of x.
2, 5, 167
Let y(w) = w**3 + 25*w**2 - 51*w - 37. List the prime factors of y(-25).
2, 619
Let d(m) = -m + 4. Let k be d(4). Suppose 2*b - 127 = 5*a - 0*a, -4*b + 3*a + 219 = k. Let f = b - 5. List the prime factors of f.
2, 23
Let g = 614 - 547. List the prime factors of g.
67
Let y(l) = 2*l - 3*l - 2 + 5*l - 1. Let g be 1/2*(1 + 9). What are the prime factors of y(g)?
17
Let h(w) be the first derivative of -2*w**2 + w**2 - 1 - 6*w - 4. List the prime factors of h(-7).
2
Let j be (-9 - 43)/((-1)/3). What are the prime factors of -22*(2/9 - j/216)?
11
List the prime factors of (-36 + -6)*(-34)/4.
3, 7, 17
List the prime factors of (-244287)/(-117) + -10 - 2/(-26).
2, 1039
Let y = 4 - -43. What are the prime factors of (-3)/(-6) + y/2?
2, 3
Suppose -4*f = -35 + 15. Suppose y = -v - 2*y + 283, f*v - 2*y = 1483. List the prime factors of v.
5, 59
Suppose 5*m + 2121 = 4*d, -20*m + 24*m = -4. What are the prime factors of d?
23
Let g be (-77)/(-22) + 2/4. Let z be (2/g - -2)*2. Suppose z*p = 4*a + p - 100, -a = p - 15. What are the prime factors of a?
2, 5
Let v(x) = -33*x**3 - x**2 + 5*x + 12. List the prime factors of v(-2).
2, 131
Let n(i) = -i**2 - 2*i + 2. Let t(m) = m**2 - 7*m - 6. Let b be t(8). Suppose 2*s = -b*s. What are the prime factors of n(s)?
2
Suppose -2*a + 450 = 5*f, 5*f - 68 = 4*f + 4*a. List the prime factors of f.
2, 11
Suppose -5*d - 5*j + 40 = -0*d, 5*d = -4*j + 43. What are the prime factors of d?
11
Suppose -18*f + 1768 + 3218 = 0. What are the prime factors of f?
277
Suppose -68130 = -53*p + 9780. List the prime factors of p.
2, 3, 5, 7
Suppose -3*o - 17 = 34. Let s = -6 - o. Suppose c - s = 3. List the prime factors of c.
2, 7
Suppose -6*k - 18 = -2*a - 4*k, 0 = -3*k. Suppose 0 = -7*w + 12 + a. List the prime factors of w.
3
Let l(g) = 283*g + 24. List the prime factors of l(2).
2, 5, 59
Let v(t) = 5022*t + 7. What are the prime factors of v(1)?
47, 107
Let y = -12 - -17. Suppose 0 = y*w - 2*w - 153. Suppose -201 = -5*n - w. What are the prime factors of n?
2, 3, 5
Let l be 147/14 + (-6)/4. Suppose -l*s + 20 = -4*s. Suppose -s = -0*o - 2*o. What are the prime factors of o?
2
Let z = 246 - 131. Let t = -69 + z. Suppose -2*a = -40 - t. What are the prime factors of a?
43
Let c = 1025 - 599. What are the prime factors of c?
2, 3, 71
List the prime factors of ((-247)/52)/(5/(-3620)).
19, 181
Let l be 74/26 + 20/130. Let y = 13 - l. Suppose -4*c + y = c. What are the prime factors of c?
2
Let j(f) = -9*f**2 + 6*f - 1 + 12*f**2 - 1. List the prime factors of j(4).
2, 5, 7
Let j = -5 - -3. Let f = -6 - j. Let r = f - -8. List the prime factors of r.
2
Suppose -60*g + 18357 + 12843 = 0. List the prime factors of g.
2, 5, 13
Suppose -2*x + 0*x + 28 = 0. Let r = x - 9. Suppose r = -3*c + 4*c. List the prime factors of c.
5
Suppose 3915 = 4*l - 89. What are the prime factors of l?
7, 11, 13
Let r(s) = 15*s + 76. What are the prime factors of r(6)?
2, 83
Let w(g) = 6*g**2 - 7*g + 1. Let v be w(10). Let x = 837 - v. What are the prime factors of 2/(-10) + x/30?
2, 5
Let l(q) = -23*q + 1. Let i = 13 + -16. Let m(u) = u**3 + 3*u**2 + u + 1. Let y be m(i). List the prime factors of l(y).
47
Let n = -791 - -4623. List the prime factors of n.
2, 479
Let s(r) = r**2 + 10*r + 19. Let f be s(-7). List the prime factors of (-4)/8 + (-67)/f.
3, 11
Let g be 2/(-4) + (-20)/(-8). Suppose -g*r - 19 + 95 = 0. List the prime factors of r.
2, 19
Suppose 3*x + 2*w + 1 - 20 = 0, 0 = -4*x - 2*w + 24. Let k = x + -1. List the prime factors of (-7 + 5)/(k/(-74)).
37
Suppose 8*r + 13587 = 29*r. What are the prime factors of r?
647
Let x be 12/4 - (-1 - 1). Suppose 0 = -x*s - 0*s + 30. Suppose -180 - 150 = -s*m. What are the prime factors of m?
5, 11
Let v = -10 - -6. Let w be 9/6*9/(-6)*-4. List the prime factors of (-1)/(3/(w*v)).
2, 3
Let c = 31 - 27. List the prime factors of c/6 - 604/(-12).
3, 17
Suppose 2*i + 533 = 3531. List the prime factors of i.
1499
Let l(f) = f**2 + 5*f + 6. Let v be l(-5). Let i be (v/(-8))/((-4)/16). Suppose -i*c - 20 = -6*c + 2*t, 5*c - 42 = -t. What are the prime factors of c?
2
Let c = 3618 + -2004. List the prime factors of c.
2, 3, 269
Let a be 4/((-76)/(-24) - 3). Let z be (-36)/a*(-4)/3. Suppose 4*g = z + 14. List the prime factors of g.
2
Let p = 59 - 56. Suppose -4*h + 169 - 17 = -4*k, 5*k + 104 = p*h. List the prime factors of h.
43
Let k = -318 - -1013. What are the prime factors of k?
5, 139
Suppose -13*o = -9*o - 16. Suppose -y - 499 = -o*q, y - 130 = -q - 4*y. Suppose -4 - q = -3*p. List the prime factors of p.
43
Suppose 3*u + 20*l = 15*l + 2328, -2*u + 1536 = -2*l. List the prime factors of u.
3, 257
Let j be (2/8)/(23/(-644)). Let v(x) = -5*x**2 + x**3 + 4 - 2*x**3 + 9*x + 2. List the prime factors of v(j).
41
Let f be -1 - (-2 + 480/(-3)). Suppose 0 = -6*v + 229 + f. List the prime factors of v.
5, 13
Let d = 1167 - -393. What are the prime factors of d?
2, 3, 5, 13
Let k(s) = -s**3 + 8*s**2 - s + 11. Let c be k(8). Suppose -5*f + 29 = -c*p, -4*f - 2*p = -3*p - 26. Suppose f*l - 55 = 2*l. List the prime factors of l.
11
Suppose -4*y = -4*a - 560, -5*a + y - 4*y - 684 = 0. What are the prime factors of (-2116)/a + (-1 - (-1)/(-3))?
2, 7
Let d be 1/((55/(-10))/11). What are the prime factors of (-138)/(-10)*(3 - d)?
3, 23
Let k(t) = 4*t**2 + 10*t + 10. List the prime factors of k(-9).
2, 61
What are the prime factors of (6 - (-204)/(-14))/((-2)/770)?
2, 3, 5, 11
Let p be ((-6)/(-18))/(2/(-6)). Let d be (-2)/((-2)/(-3)*p). Suppose 5*j - 180 = -5*x, -j + 0*j - 104 = -d*x. List the prime factors of x.
5, 7
Let c = -15 + 17. Suppose 28 = c*i + 2*n, 0 = i - 2*n - 9 - 5. Suppose -12*b = -i*b + 28. What are the prime factors of b?
2, 7
Let j(q) = -q**3 + 2*q**2 + 3*q + 4. Let s be j(3). Suppose s*i = -28 - 168. Let y = i + 73. List the prime factors of y.
2, 3
What are the prime factors of (190/(-4))/((-175)/420)?
2, 3, 19
Let d(l) = 75*l**2 + l. Suppose 0 = 3*x + y - 6, -3*x - 2*x - 3*y = -14. List the prime factors of d(x).
2, 19
What are the prime factors of (-2)/4 - 3500/(-8)?
19, 23
What are the prime factors of 664*5/40*14?
2, 7, 83
Let r(f) be the first derivative of 75*f**4/4 + f**3/3 + 3*f**2/2 - 3*f + 14. List the prime factors of r(1).
2, 19
Suppose -214*n = -232*n + 59490. What are the prime factors of n?
5, 661
Suppose 5*b = -3*r + 9, 0*r = 4*b - r + 3. Suppose b = 4*d - d - 99. What are the prime factors of d?
3, 11
List the prime factors of (-26890)/(-30) + (-16)/12.
5, 179
Suppose 5*g = 3*r + 8641, -80*g - 1721 = -81*g - 3*r. What are the prime factors of g?
11, 157
Let p be -1*(2 + -1) + 3. Suppose p*z - 62 = z. Let s = -30 + z. List the prime factors of s.
2
Suppose 5*q - 220 - 230 = 0. List the prime factors of q.
2, 3, 5
Let h(s) = 3*s**2 + 50. What are the prime factors of h(7)?
197
Suppose 0 = -4*l - 0*l - 140. What are the prime factors of (-58)/(-10) + (-7)/l?
2, 3
Let h(c) = c**3 + 2*c + 9*c**2 + 5 - 10*c**2 - c. Let w be h(0). Suppose 5*j 